{"id":1033,"date":"2022-06-02T07:14:35","date_gmt":"2022-06-02T07:14:35","guid":{"rendered":"http:\/\/dummy.xtemos.com\/woodmart2\/megamarket\/?page_id=1033"},"modified":"2022-10-06T08:32:38","modified_gmt":"2022-10-06T08:32:38","slug":"hakkimizda","status":"publish","type":"page","link":"https:\/\/kepenkistanbul.com\/site2\/hakkimizda\/","title":{"rendered":"Hakk\u0131m\u0131zda"},"content":{"rendered":"<p>[vc_row][vc_column][vc_column_text woodmart_inline=&#8221;no&#8221; text_larger=&#8221;no&#8221;]<\/p>\n<h2>Hakk\u0131m\u0131zda<\/h2>\n<p>2002 y\u0131l\u0131ndan g\u00fcn\u00fcm\u00fcze kadar g\u00fcn ge\u00e7tik\u00e7e b\u00fcy\u00fcyen ve s\u00fcrekli olarak geli\u015fmekte olan teknolojiyi yak\u0131ndan takip eden Kepenk \u0130stanbul, profesyonelle\u015fen kadrosu ve teknik donan\u0131mlara sahip \u00fcretim hacmi ile de kaliteye ve m\u00fc\u015fteri memnuniyetine de, ne derece \u00f6nem verdi\u011fini ortaya koymaktad\u0131r.<\/p>\n<p>Y\u00fcksek \u00fcst\u00fcnl\u00fckteki kalite \u00e7\u00f6z\u00fcmlerini size ve projenize uygun tekniklerle sunan firma, \u00fcst d\u00fczey hizmeti 7 g\u00fcn 24 saat bir telefonla aya\u011f\u0131n\u0131za kadar sunmaktad\u0131r.<\/p>\n<p>Sekt\u00f6rdeki en b\u00fcy\u00fck fark\u0131m\u0131z, vermi\u015f oldu\u011fumuz 7 \u2013 24 tamir hizmetinin yan\u0131 s\u0131ra, uygun fiyatlar\u0131m\u0131z, otomasyon ve al\u00fcminyum sistemleri \u00e7\u00f6z\u00fcm\u00fc konusunda da en geni\u015f \u00e7\u00f6z\u00fcm yelpazesini sunmakt\u0131r.<\/p>\n<p>Size ve projenize en uygun olabilecek \u00e7\u00f6z\u00fcmlerden faydalanabilmeniz i\u00e7in, destek hatt\u0131ndaki teknisyenlerimizden 7\/24 destek alabilirsin[\/vc_column_text][\/vc_column][\/vc_row]<\/p>\n","protected":false},"excerpt":{"rendered":"<p>[vc_row][vc_column][vc_column_text woodmart_inline=&#8221;no&#8221; text_larger=&#8221;no&#8221;] Hakk\u0131m\u0131zda 2002 y\u0131l\u0131ndan g\u00fcn\u00fcm\u00fcze kadar g\u00fcn ge\u00e7tik\u00e7e b\u00fcy\u00fcyen ve s\u00fcrekli olarak geli\u015fmekte olan teknolojiyi yak\u0131ndan takip eden<\/p>\n","protected":false},"author":1,"featured_media":0,"parent":0,"menu_order":0,"comment_status":"closed","ping_status":"closed","template":"","meta":{"footnotes":""},"class_list":["post-1033","page","type-page","status-publish","hentry"],"_links":{"self":[{"href":"https:\/\/kepenkistanbul.com\/site2\/wp-json\/wp\/v2\/pages\/1033","targetHints":{"allow":["GET"]}}],"collection":[{"href":"https:\/\/kepenkistanbul.com\/site2\/wp-json\/wp\/v2\/pages"}],"about":[{"href":"https:\/\/kepenkistanbul.com\/site2\/wp-json\/wp\/v2\/types\/page"}],"author":[{"embeddable":true,"href":"https:\/\/kepenkistanbul.com\/site2\/wp-json\/wp\/v2\/users\/1"}],"replies":[{"embeddable":true,"href":"https:\/\/kepenkistanbul.com\/site2\/wp-json\/wp\/v2\/comments?post=1033"}],"version-history":[{"count":4,"href":"https:\/\/kepenkistanbul.com\/site2\/wp-json\/wp\/v2\/pages\/1033\/revisions"}],"predecessor-version":[{"id":7134,"href":"https:\/\/kepenkistanbul.com\/site2\/wp-json\/wp\/v2\/pages\/1033\/revisions\/7134"}],"wp:attachment":[{"href":"https:\/\/kepenkistanbul.com\/site2\/wp-json\/wp\/v2\/media?parent=1033"}],"curies":[{"name":"wp","href":"https:\/\/api.w.org\/{rel}","templated":true}]}}